 number?
False
Suppose v = -v - 1566. Let q = -214 - v. Suppose 4*r - 275 = q. Is r a composite number?
False
Let m(q) = -q - 1. Let p be m(-3). Is 346/3 + p/(-6) prime?
False
Suppose -4*k + 0*x = -x - 20, 5*x = 3*k - 32. Let n = -68 + 98. Suppose 30 = k*c - n. Is c a composite number?
True
Is (-1)/(2/(-586))*1 composite?
False
Let p = -29 + 76. Is p a composite number?
False
Suppose 0 = -5*z + 4*c + 1075, -2*c = 3*z - 4*c - 645. Is z composite?
True
Let m(j) = 4*j**2 + 3*j. Suppose -2*v - 5 = 1. Let t = v - -1. Is m(t) prime?
False
Let s be (-6)/4 + (-2)/4. Let p be (-123)/(-5) - (-2)/5. Let b = p + s. Is b a composite number?
False
Let q(j) be the second derivative of j**5/20 - j**4/6 - 7*j**3/6 + 9*j**2/2 + 2*j. Is q(6) composite?
True
Let j be 1388/(-8) - (-1)/(-2). Let y be (-2)/(-4) - j/(-4). Let h = y - -68. Is h prime?
False
Let n = 10 + -6. Suppose -1 = -3*v - n. Is 1*(-47)/v + 0 composite?
False
Let k(a) = -a**2 + 4 + a**3 - 4*a + 3*a - 2*a. Let m = 0 - -3. Is k(m) prime?
True
Is 53158/38 - 22/(-209) composite?
False
Is 5/(25/(-15)) + 194 prime?
True
Suppose 1 = 3*k - 4*k. Suppose 0*w + w - 6 = 0. Let y = w - k. Is y composite?
False
Suppose 5*q - 4537 = -o, -q + 2*q = -2*o + 911. Is q composite?
False
Let z be 3/((-6)/(-2))*0. Suppose -2*x + z*x + 8 = 0. Suppose 0*f + 4*f = 4*u + 24, -5*u = -x*f + 23. Is f a composite number?
False
Let m(u) = 4*u - 3 - 5*u + u**2 + 0*u**2. Let y be m(3). Is (1/(-2))/(y/(-282)) prime?
True
Let u = -1292 + 2343. Suppose 5*q - u = -v, 3*v + 4 = 2*v. Is q prime?
True
Suppose 2*g = 3*h - 667, 2*g + 146 = 2*h - 298. Is h a composite number?
False
Suppose -4*d - d = -200. Let p = d - -27. Is p prime?
True
Let l be (-6)/9 - 13/3. Let w = -1 - l. Suppose -w*k + 0 = -2*q + 26, -5*q - 3*k + 104 = 0. Is q composite?
False
Suppose -4*q - 218 = -5*q + 3*l, -4*q + 827 = -3*l. Is q prime?
False
Let a be -1*(-4)/(-6)*-9. Let t be 2 + 2*21/a. Is t*4 - (-2 - -1) a prime number?
True
Suppose -4*w - d + 853 = 0, 0 = 5*d - 2 - 3. Is w prime?
False
Let w = 18 + -36. Let p = w + 71. Is p prime?
True
Is -2 - 3/((-3)/25) a prime number?
True
Let j be 7 - (-2 + (-3)/(-3)). Suppose -3*n - 145 = -j*n + 2*t, 3*n + t = 98. Is n prime?
True
Let b(t) = t**3 + 5*t**2 + 4*t + 10. Let k be b(-7). Let v = 27 - k. Is v composite?
True
Suppose -3*u = 3*g + 2*g - 3373, 2*u = -5*g + 3377. Suppose -f = -2*f + g. Is f prime?
True
Suppose 3*q + q = 0. Let r(n) = 3*n**2 + 8*n + 9. Let a be r(-6). Is (2 - q)*a/2 composite?
True
Let i = 127 - 225. Let a = -65 - i. Is a composite?
True
Suppose -628 = -3*c + 485. Is c a prime number?
False
Let f(p) = p**3 + 2*p**2 - 2*p + 5. Suppose -g = 4*g - 20. Is f(g) composite?
True
Let g(t) = 7*t**2 + 14*t - 16. Is g(9) a composite number?
False
Let j(r) = -r + 16. Let k be j(10). Is ((-3)/k)/((-3)/222) composite?
False
Suppose 634 = 2*b - 5*s, b + 3*s = -0*b + 328. Let k = -111 + b. Is k a composite number?
False
Let l be (-2)/(-2) + 2415/5. Suppose 0 = 2*u + 62 - l. Is u prime?
True
Let w(j) = j. Let h be w(2). Let b(q) = q**h + 3 + 2 - 2 - 5*q. Is b(5) composite?
False
Suppose c - 116 - 531 = 0. Is c a prime number?
True
Let i = 262 - 186. Suppose 3*p - i = -p. Suppose 0 = -v + 14 + p. Is v a composite number?
True
Let h(j) = j**3 - 3*j**2 - 3. Let g be h(3). Is g/3*(-11 + 1) a composite number?
True
Suppose 4*d - 3*m - 16 = m, -2*d - 5*m - 6 = 0. Let n(u) = 18*u + 3. Let z be n(6). Suppose d*t + t = z. Is t prime?
True
Suppose -6*r + r + 10 = 0. Suppose 7*o - 13 = 3*o + 5*z, -6 = -2*o + r*z. Is ((-212)/o)/(-1 + -1) a prime number?
True
Let y be (16/10)/(2/5). Suppose y = u + 3. Is 5/(-2)*(u - 23) prime?
False
Let w be 2/(2/6*2). Suppose -w*t = -4*t + 25. Let y = 92 - t. Is y a composite number?
False
Let o(l) = 8*l**2 - 4*l - 7. Is o(-13) prime?
False
Suppose -q + 93 = 3*b, q + 155 = 5*b - 0*b. Is b a composite number?
False
Let u = 169 - -9. Is u composite?
True
Suppose -3*k + 4*z - z = -3246, 0 = 5*k - 2*z - 5425. Is k a composite number?
False
Let a = -5 + 7. Let f(s) = 4*s**2 + 4 - 5*s**2 - 1 + a*s**3 + 3*s. Is f(4) a composite number?
False
Suppose 12*c - 861 = 7191. Is c a prime number?
False
Suppose -2*n - 10 = -n. Is (n/15)/((-2)/66) prime?
False
Let u(q) = 2*q - 7. Let r be u(5). Let p(v) = 0*v + 2 - 1 - v + 11*v**r. Is p(1) a composite number?
False
Suppose -j + 483 = 2*j. Suppose -24 = -5*k + j. Is k a composite number?
False
Let z = -495 + 1010. Is z a composite number?
True
Suppose 6*u - u = 1375. Suppose 2*s - u = -3*s. Is s a prime number?
False
Suppose 5*n = -g + 283, 0*g + g + n - 267 = 0. Is g prime?
True
Let n(h) = 6*h**2 + 3. Let o be n(-4). Suppose -4*m + 178 = -2*y + 46, 3*m - 4*y - o = 0. Is m a composite number?
True
Suppose -5*x + 45 = 330. Let d = -6 + 4. Is (-1 - x/d)*-2 composite?
False
Let z(r) = 45*r**3 + r**2 + r + 1. Is z(2) a prime number?
True
Let z(a) = -7*a**3 + a**2 + a + 1. Let p be (-5 - -2)*4/6. Is z(p) a composite number?
False
Suppose 28*n - 29*n + 203 = 0. Is n prime?
False
Suppose p + 2*p = 2*q + 351, 4*q + 226 = 2*p. Is p prime?
False
Suppose 10 = 5*g - 30. Let a = -2 + g. Is (-258)/(-24) + a/(-8) a composite number?
True
Suppose -5*r = -4*d + 3*d - 16, -4*d + 4*r = 64. Suppose 19*p = 15*p - 116. Let k = d - p. Is k a composite number?
False
Let a(j) be the first derivative of 69*j**2/2 - 7*j + 2. Is a(6) prime?
False
Let d be 6*(-1 + 1/(-2)). Let p(x) = -x**2 - 19*x - 13. Is p(d) prime?
False
Let m(n) = -n**3 + 8*n**2 + 6. Let k be m(8). Is 203*1 - k/(-3) composite?
True
Is 3 + (-3 - (-2 - 207)) prime?
False
Let w be ((-5)/(-2))/((-2)/(-4)). Suppose 3*p - 666 = -3*q, 4*p - 886 = -w*q + 3*q. Is p prime?
False
Let o(h) = 8*h + 17. Let u(g) = 23*g + 50. Let y(b) = -11*o(b) + 4*u(b). Is y(10) prime?
True
Is (-1194)/(-8) + 3/(-12) a composite number?
False
Suppose -5*v - 16326 = -23*v. Is v a prime number?
True
Suppose 0*s + 2*s + 3*n - 266 = 0, 4*n + 365 = 3*s. Is s prime?
True
Let i(h) = -h**2 + 13*h - 12. Let v be i(12). Suppose 0 = -v*p - p + 157. Is p prime?
True
Let m = 4572 + -3073. Is m a prime number?
True
Let h(k) = 3*k**2 + 4*k - 2. Is h(-5) composite?
False
Let u(v) = -v + 53. Is u(27) a composite number?
True
Let k(z) = -z**3 - 2*z**2 - z. Let x be k(-1). Suppose -a + g + 571 = -5*a, x = -a - 2*g - 134. Let l = a - -307. Is l prime?
True
Let t = 30 - 18. Suppose 9 = -5*n - 3*h, 5*n = h + 3*h + t. Suppose n = s + 3*a - 2*a - 81, -s + 85 = 3*a. Is s a prime number?
True
Let x = 23 + -48. Let a(m) = -m**2 + 4*m - 5. Let l be a(5). Let p = l - x. Is p composite?
True
Let o(i) = i**3 - 3*i**2 - 4*i - 5. Let t be (-93)/(-15) + 1/(-5). Is o(t) prime?
True
Let o(q) = -6*q. Let r be o(1). Let h be 232/3*(-27)/r. Is (-1)/(-5) - h/(-10) composite?
True
Let u = 10 - 6. Suppose 66 = -v + u*v. Suppose 0 = -o - 0*o + v. Is o a prime number?
False
Suppose 2*o - 369 = 427. Is o a prime number?
False
Suppose -4*s + 10 = -4*u - 10, 2*u + 5*s - 25 = 0. Is (-3)/(6/(-194)) - u a prime number?
True
Suppose 83 + 208 = y. Let u be (1 - 3) + (1*4)/2. Suppose u = 5*j - 5*h - 285, y = 2*j + 3*j - 2*h. Is j a prime number?
True
Let n(p) = p**3 - 5*p**2 - 7*p + 9. Suppose -f + 0*f = -8. Let h be ((-3)/(-2))/(2/f). Is n(h) a prime number?
True
Suppose 15 = 5*c - 5*u, -4*u = -4*c + 3*c. Suppose 2*s = 2*m + 72, 3*s - 121 + 13 = m. Suppose -c*o + s = -20. Is o a composite number?
True
Suppose -b = -3*b + 572. Is (23/2)/(11/b) prime?
False
Let c(d) = -10*d - 11. Is c(-9) prime?
True
Suppose -4*w + 115 = 2*c + 33, c = 5*w + 34. Let x = 10 + c. Is x prime?
False
Suppose -3*k + 2*k = -105. Let z = k - 56. Is z a prime number?
False
Suppose -5*c = -110 - 90. Let o = c - -13. Is o a composite number?
False
Let t be (-2)/9 - (-2156)/63. Suppose 0 = 5*g - t - 36. Let j = g - -73. Is j a composite number?
True
Let v = 1226 - -521. Is v a prime number?
True
Let r = 364 + 25. Is r prime?
True
Suppose r - 16 = 3*a, 5*r - 4*a - 28 = 2*r. Let q(i) = i**3 - 7*i**2 - 8*i + 3. Let b be q(8). Suppose -r*v = -b*v - 37. Is v a composite number?
False
Let w(h) = 29*h - 2. Is w(3) a prime number?
False
Suppose -7 = -0*f - f. Let l(d) = 2*d**2 - 7 - 4*d**2 + f*d + d**2. Is l(5) prime?
True
Let k be -1*-1*(-1 - -1). Suppose k*o = -5*o + 635. Is o a prime number?
True
Let u(c) = 3*c**3 - 1. Is u(2) prime